 -40, 3*l + 4*t - 12 = 13. List the prime factors of l.
3, 5
Let p be 1/(-5) - (-33)/15. Let j(l) = 13*l**2 + 0*l - 14*l**p + 7 + 0*l. List the prime factors of j(0).
7
Suppose 5*q + 0 + 10 = 0. Let h be 3 - (-1 - q) - -28. Suppose 0 = -m - 2*m + h. List the prime factors of m.
2, 5
Let c(u) = u**3 + 6*u**2 - 2*u - 3. Suppose 3*y + 7 = 5*n - 26, -21 = 3*y - n. List the prime factors of c(y).
3
Suppose -59 = -4*p + 3*p. List the prime factors of p.
59
Let w = 90 + -44. What are the prime factors of w?
2, 23
Let o = 49 + -31. List the prime factors of o.
2, 3
Let h(o) = -70*o**3 - 2*o**2 - 2*o - 1. Let k be h(-1). Suppose 13 = -2*w + k. List the prime factors of 2/(-2) - w/(-4).
2, 3
Suppose -5*q - 11 = a + 2, 33 = -4*a - q. Let v(l) = l**2 + 9*l + 8. Let r be v(a). Suppose r = -t + 16 - 6. What are the prime factors of t?
2, 5
Suppose 6619 = 12*i + 1819. List the prime factors of i.
2, 5
Let g(u) = -u**3 - 9*u**2 - 9*u + 4. Let j be g(-8). Suppose -n = -0*n - j. List the prime factors of n.
2, 3
Suppose 2*p - 19 = -5*v, -4*v + 22 = 2*p - 0*v. Let m = 20 + -8. Let z = p - m. List the prime factors of z.
5
Suppose -4*r + u + 16 = 0, 0 = 5*r - 0*u + 3*u - 37. Let n = -3 + r. Suppose h + 5*b + 2 = 0, 3*h - b - 8 = -n*b. List the prime factors of h.
3
Suppose -2*z + 98 = 3*c, -2*c - 2*c + 3*z + 159 = 0. List the prime factors of c.
2, 3
Let p(x) = 11*x**2 + x - 1. What are the prime factors of p(2)?
3, 5
Let w(a) = -a**3 - 10*a**2 - a - 9. Let q be w(-10). List the prime factors of 30/(-9)*(q - 7).
2, 5
Let q(u) be the first derivative of u**4/4 + 8*u**3/3 - u**2/2 - u - 3. What are the prime factors of q(-8)?
7
Let o be (8/6)/(1/6). What are the prime factors of o/(-52) - 942/(-39)?
2, 3
Let d = -9 + 15. Suppose -2*w + d*w = -48. List the prime factors of w*(1 - 2) + 2.
2, 7
Let y be (5/10)/(3/(-10452)). What are the prime factors of y/(-143) + 4/(-22)?
2, 3
Let q = -86 + 145. List the prime factors of q.
59
Let j(x) = -x**3 + 5*x**2 - 2*x + 2. What are the prime factors of j(4)?
2, 5
Suppose -4*r + 23 = -3*t + 7, 0 = 4*r - 16. Suppose t = -3*z + 6*z - 69. List the prime factors of z.
23
Let a(d) = 4*d + 13. Let u be a(9). Let r = u + -33. List the prime factors of r.
2
List the prime factors of 2/6 + (-429)/(-9).
2, 3
Suppose -2*w + 2 + 4 = 0. Let n(g) = -9*g - 13. Let z(y) = 22*y + 32. Let d(t) = 12*n(t) + 5*z(t). List the prime factors of d(w).
2, 5
Let g(i) = -i**2 + 2*i - 2. Let r be g(3). List the prime factors of 30/(-20)*(r - -1).
2, 3
Let w(z) = z**2 + 3*z - 8. List the prime factors of w(-7).
2, 5
Let i(h) = -h**2 + h - 1. Let w = -3 + 4. Let y(o) = o**3 + 2*o**2 + 4*o. Let p(t) = w*y(t) - 5*i(t). What are the prime factors of p(-7)?
2, 3
Let k = -19 - -48. What are the prime factors of k?
29
Suppose z - 2*a - 97 = 0, 8*a - 4*a - 20 = 0. What are the prime factors of z?
107
Let z = -54 - -121. List the prime factors of z.
67
Suppose -2*w + 64 = -5*u, 4*w = -u - u + 128. Suppose 0 = -l - l + w. List the prime factors of l.
2
Let c(n) = -16*n. Let t(b) be the second derivative of b**5/20 + b**4/3 + 2*b**3/3 + b**2 + 4*b. Let g be t(-3). What are the prime factors of c(g)?
2
Let f(j) = -5*j - 9. Let k be f(-9). Suppose -d = 2*d - k. What are the prime factors of d?
2, 3
Let i = -12 - -32. Suppose -2*n = -3*a - 8, 5*n - 2*a - i - 11 = 0. What are the prime factors of n?
7
Let i(h) be the second derivative of h**3/6 + 4*h**2 + 3*h. Let d be i(-4). Suppose b - 40 = -d*b. List the prime factors of b.
2
Let m be 3/6 + 143/2. Suppose -5*z = 4*l - m, -2*l + 0*z = z - 42. Suppose 3*j - 19 = 2*q - 0, 5*j = -q + l. What are the prime factors of j?
5
Let s(u) = 65*u**2 - u + 1. Let b be s(1). Suppose -x - 4*q = -b, x - 86 = -x + 3*q. What are the prime factors of x?
7
Let y = 11 - 7. Suppose -y*o + 102 = -14. What are the prime factors of o?
29
What are the prime factors of -12*(1 + 2 + -4)?
2, 3
Let a = 3 + -2. Let h be (15/(-6))/((-1)/2). Let u = h + a. List the prime factors of u.
2, 3
Let u(p) = 5 + 4*p - 2*p**2 - 4 + p**2. Let j(t) = -t**2 - 6*t + 10. Let f be j(-7). List the prime factors of u(f).
2
Let s = -12 + 18. Let a(q) be the first derivative of -q**4/4 + 7*q**3/3 - 5*q**2/2 + 6*q + 1. What are the prime factors of a(s)?
2, 3
Let s = 8 - 2. Suppose -10*y + 24 = -s*y. What are the prime factors of y?
2, 3
Suppose -3*h + 6 = -x, -2*h + 4*x - 3 = h. Suppose 0 = -5*q + h*q + 8. Let a = 1 + q. List the prime factors of a.
5
Let w be (-4)/18 + (-94)/(-18). Suppose -f = w*i + 4*f - 75, 3*i + 5*f = 41. Suppose -m + 2*z + 22 = 2*m, 0 = 2*m + 5*z + i. What are the prime factors of m?
2
Let y be (1 + (1 - 1))/1. Suppose -3*s - 27 = -5*r, 4*s + 4*r - 44 = 8*s. Let h = y - s. List the prime factors of h.
3, 5
Suppose -j + b - 5 = 0, j - 5*b = -b - 20. Let d = j - -2. Suppose 0*f + f = d. List the prime factors of f.
2
Let v(a) = a**2 + 18*a + 20. Let x be v(-17). Suppose x*c = -2*c + 225. List the prime factors of c.
3, 5
Let m(l) = 5*l + 9. List the prime factors of m(9).
2, 3
Let l = -2 - -2. Let v = 0 - l. Suppose -2*p = 2*d, -16 = -v*p - 2*p + 2*d. List the prime factors of p.
2
Let c(w) be the third derivative of w**4/12 - 2*w**3/3 + 4*w**2. List the prime factors of c(4).
2
Let q be (4/5)/(2/15). Suppose q*b - 2*b + 24 = 5*p, p + 5*b = -1. What are the prime factors of p?
2
Let p = 1 + 31. List the prime factors of p.
2
Let y(j) = j**3 - 2. Let o = 4 - 4. Let x be y(o). List the prime factors of (3 + x)/(4/40).
2, 5
Let k(z) = -z**3 - 18*z**2 - 23*z - 18. What are the prime factors of k(-17)?
2, 3, 7
Let y(r) = -r**3 - 5*r**2 - r + 2. Let h be y(-3). Let o = -3 - h. What are the prime factors of o?
2, 5
Let c = 7 + -9. List the prime factors of (-4)/c + 0 + 17.
19
Let r be (-4)/10*(0 + 5). Let i = r + 4. Suppose n - i = 8. What are the prime factors of n?
2, 5
Let j be 5/((-15)/(-12))*-2. Let t = -5 - j. Suppose 10 = t*x - x. What are the prime factors of x?
5
Let t(l) = -l**3 - 5*l**2 - 6*l. Let a be t(-4). Suppose 0 = -3*s + 5*n - 6 - a, -n + 6 = s. List the prime factors of (s + -1)/(3/9).
3
Let f(l) = -l**2 - 4*l + 1. Let k be f(-3). Suppose j + 3*d + 4 = 9, 0 = k*j - d - 33. What are the prime factors of j?
2
Let b be -1*(-12)/(-2 - -4). Let p be (b/(-2))/((-12)/(-8)). List the prime factors of p/(-1) - (-3 + -3).
2
Suppose 0 = 3*t + v - 12, t = -t - 4*v + 8. Suppose -3*m = -t*b - 0*b + 45, -4*m = 4*b - 80. What are the prime factors of b?
3, 5
Let o(l) = -62*l**2 + 7. Let g(y) = 93*y**2 - 11. Let n(p) = -5*g(p) - 8*o(p). List the prime factors of n(-1).
2, 3, 5
Let u = -6 + 8. Let w = 3 - 0. Suppose w*r - 16 = -u*t, -3*r + 2 = 5*t - 29. What are the prime factors of r?
2
List the prime factors of (1 - 1) + (-232)/(-3 + 1).
2, 29
Suppose -s + 120 = 3*s. Suppose -3*p = -6*p - s. Let j(l) = -l**3 - 10*l**2 + l + 14. What are the prime factors of j(p)?
2
Let i(y) = 5*y**2 + 1. Let t be i(-1). Let u = t + 50. Suppose -4*j - 4*l + u = -l, 3*j - 45 = -3*l. What are the prime factors of j?
11
Let s(g) = 2*g**3 + g**2 - g - 2. Let b be s(-2). List the prime factors of (14/3)/((-4)/b).
2, 7
Let h = 134 + -64. What are the prime factors of h?
2, 5, 7
Let k = -23 - -55. Suppose -k = -5*x - 7. What are the prime factors of x?
5
List the prime factors of 3/(((-2)/(-138)*3)/1).
3, 23
Let j(o) = o**3 - 4*o**2 - 5*o + 3. Suppose -2*i - 10 = -2*f + 22, 2*i + 3*f + 17 = 0. Let b = i + 18. List the prime factors of j(b).
3
Let q(n) = n**2 + 10*n - 24. List the prime factors of q(7).
5, 19
Suppose -2*r + r = 0. Suppose -y + 16 = -r*y. List the prime factors of y.
2
Let w(d) = -d**3 - 10*d**2 + 21*d + 5. What are the prime factors of w(-12)?
41
Let t be 3*(-3 - (-2 + -2)). Suppose h - 29 = -2*o, -t*h - o + 72 = 2*o. List the prime factors of h.
19
Let c(w) = -2*w - 3. Let z(p) = p + 2. Let s(b) = -2*c(b) - 3*z(b). Let j be s(1). What are the prime factors of (1 - (1 - j)) + 1?
2
Let z(u) = -u**2 - 13*u - 9. What are the prime factors of z(-8)?
31
Suppose -8*l + l = -910. List the prime factors of l.
2, 5, 13
Let a(g) = 2*g**2 + 2*g. Let k be a(-2). Let l = 7 - k. Let o = l + 8. What are the prime factors of o?
11
Let c be (27/3)/((-3)/(-2)). Suppose 64 = -c*i + 8*i. List the prime factors of i.
2
List the prime factors of -2*(-46)/(2 + -1).
2, 23
Let r(y) =